{"id":1016,"date":"2015-01-08T10:03:27","date_gmt":"2015-01-08T10:03:27","guid":{"rendered":"http:\/\/cms.fuw.edu.pl\/?page_id=1016"},"modified":"2021-01-08T17:13:03","modified_gmt":"2021-01-08T17:13:03","slug":"masterclasses-2015","status":"publish","type":"page","link":"http:\/\/cms.fuw.edu.pl\/?page_id=1016","title":{"rendered":"MasterClasses 2015"},"content":{"rendered":"<p>Warsztaty po\u015bwi\u0119cone fizyce cz\u0105stek elementarnych. Zaj\u0119cia odbywaj\u0105 si\u0119 w ramach mi\u0119dzynarodowego programu <a href=\"http:\/\/www.physicsmasterclasses.org\/\" target=\"_blank\">MasterClasses<\/a>, skierowanego do uczni\u00f3w szk\u00f3\u0142 \u015brednich.<\/p>\n<p><strong>26 marca \u00a02015 odby\u0142a si\u0119 sesja wyjazdowa Warsztat\u00f3w w \u00a0<a href=\"www.1lo.lukow.pl\" target=\"_blank\">I Liceum im T. Ko\u015bciuszki w \u0141ukowie.\u00a0<\/a><\/strong><\/p>\n\n\t\t<style type=\"text\/css\">\n\t\t\t#gallery-1 {\n\t\t\t\tmargin: auto;\n\t\t\t}\n\t\t\t#gallery-1 .gallery-item {\n\t\t\t\tfloat: left;\n\t\t\t\tmargin-top: 10px;\n\t\t\t\ttext-align: center;\n\t\t\t\twidth: 25%;\n\t\t\t}\n\t\t\t#gallery-1 img {\n\t\t\t\tborder: 2px solid #cfcfcf;\n\t\t\t}\n\t\t\t#gallery-1 .gallery-caption {\n\t\t\t\tmargin-left: 0;\n\t\t\t}\n\t\t\t\/* see gallery_shortcode() in wp-includes\/media.php *\/\n\t\t<\/style>\n\t\t<div id='gallery-1' class='gallery galleryid-1016 gallery-columns-4 gallery-size-thumbnail'><dl class='gallery-item'>\n\t\t\t<dt class='gallery-icon landscape'>\n\t\t\t\t<a href='http:\/\/cms.fuw.edu.pl\/?attachment_id=1078'><img width=\"150\" height=\"150\" src=\"http:\/\/cms.fuw.edu.pl\/wp-content\/uploads\/2015\/01\/DSC02897-150x150.jpg\" class=\"attachment-thumbnail size-thumbnail\" alt=\"\" loading=\"lazy\" \/><\/a>\n\t\t\t<\/dt><\/dl><dl class='gallery-item'>\n\t\t\t<dt class='gallery-icon landscape'>\n\t\t\t\t<a href='http:\/\/cms.fuw.edu.pl\/?attachment_id=1077'><img width=\"150\" height=\"150\" src=\"http:\/\/cms.fuw.edu.pl\/wp-content\/uploads\/2015\/01\/DSC02900-150x150.jpg\" class=\"attachment-thumbnail size-thumbnail\" alt=\"\" loading=\"lazy\" \/><\/a>\n\t\t\t<\/dt><\/dl><dl class='gallery-item'>\n\t\t\t<dt class='gallery-icon landscape'>\n\t\t\t\t<a href='http:\/\/cms.fuw.edu.pl\/?attachment_id=1076'><img width=\"150\" height=\"150\" src=\"http:\/\/cms.fuw.edu.pl\/wp-content\/uploads\/2015\/01\/DSC02907-150x150.jpg\" class=\"attachment-thumbnail size-thumbnail\" alt=\"\" loading=\"lazy\" \/><\/a>\n\t\t\t<\/dt><\/dl><dl class='gallery-item'>\n\t\t\t<dt class='gallery-icon landscape'>\n\t\t\t\t<a href='http:\/\/cms.fuw.edu.pl\/?attachment_id=1075'><img width=\"150\" height=\"150\" src=\"http:\/\/cms.fuw.edu.pl\/wp-content\/uploads\/2015\/01\/DSC02908-150x150.jpg\" class=\"attachment-thumbnail size-thumbnail\" alt=\"\" loading=\"lazy\" \/><\/a>\n\t\t\t<\/dt><\/dl><br style=\"clear: both\" \/>\n\t\t<\/div>\n\n<p>Pierwsz\u0105 cz\u0119\u015b\u0107 zaj\u0119\u0107 stanowi\u0142 wyk\u0142ad, kt\u00f3ry obejmowa\u0142 tematyk\u0119 wprowadzaj\u0105c\u0105 w \u015bwiat fizyki cz\u0105stek elementarnych. Uczniowie zapoznali si\u0119 ze wsp\u00f3\u0142czesn\u0105 wiedz\u0105 o podstawowych sk\u0142adnikach materii. Poznali og\u00f3lna zasad\u0119 dzia\u0142ania akcelerator\u00f3w na przyk\u0142adzie Wielkiego Zderzacza Hadron\u00f3w (ang. LHC). Dowiedzieli si\u0119, jak dzia\u0142aj\u0105 detektory cz\u0105stek, kt\u00f3re powstaj\u0105 w zderzeniach proton\u00f3w zachodz\u0105cych w LHC, aby samodzielnie odszuka\u0107 sygna\u0142\u00f3w produkcji bozonu\u00a0Higgsa oraz bozon\u00f3w po\u015brednicz\u0105cych oddzia\u0142ywaniom s\u0142abym, Z i W.<\/p>\n<div>W drugiej cz\u0119\u015bci zaj\u0119\u0107 uczniowie samodzielnie analizowali przypadki z eksperymentu CMS, korzystaj\u0105c z programu do wizualizacji przypadk\u00f3w.\u00a0Nauczyli si\u0119 rozr\u00f3\u017cnia\u0107 \u015blady elektron\u00f3w od \u015blad\u00f3w mion\u00f3w oraz wyznacza\u0107 \u0142adunek leptonu na podstawie kszta\u0142tu toru cz\u0105stki w detektorze, aby identyfikowa\u0107 przypadki produkcji neutralnych bozon\u00f3w Z oraz na\u0142adowanych W+ i W-. \u00a0Wsp\u00f3lnie utworzono sumaryczny wykres masy niezmienniczej lepton\u00f3w, na kt\u00f3rym uwidoczni\u0142 si\u0119 sygna\u0142 bozonu Z oraz, ku wielkiej rado\u015bci uczni\u00f3w, sygna\u0142 pochodz\u0105cy od kilku przypadk\u00f3w bozonu Higgsa.<\/div>\n<div><\/div>\n<div>Wyniki zosta\u0142y om\u00f3wione podczas godzinnej wideokonferencji w j\u0119zyku angielskim z uczniami ze szko\u0142y na Florydzie (USA), kt\u00f3rzy pracowali r\u00f3wnolegle nad tak\u0105 sam\u0105 analiz\u0105. Dyskusj\u0119 poprowadzili fizycy pracuj\u0105cy przy eksperymencie CMS, zwi\u0105zani z o\u015brodkiem naukowym FERMILAB kolo Chicago (USA).<\/div>\n<p>&nbsp;<\/p>\n","protected":false},"excerpt":{"rendered":"<p>Warsztaty po\u015bwi\u0119cone fizyce cz\u0105stek elementarnych. Zaj\u0119cia odbywaj\u0105 si\u0119 w ramach mi\u0119dzynarodowego programu MasterClasses, skierowanego do uczni\u00f3w szk\u00f3\u0142 \u015brednich. 26 marca \u00a02015 odby\u0142a si\u0119 sesja wyjazdowa Warsztat\u00f3w w \u00a0I Liceum im T. Ko\u015bciuszki w \u0141ukowie.\u00a0 Pierwsz\u0105 cz\u0119\u015b\u0107 zaj\u0119\u0107 stanowi\u0142 wyk\u0142ad, kt\u00f3ry &hellip; <a href=\"http:\/\/cms.fuw.edu.pl\/?page_id=1016\">Continue reading <span class=\"meta-nav\">&rarr;<\/span><\/a><\/p>\n","protected":false},"author":2,"featured_media":671,"parent":1284,"menu_order":0,"comment_status":"closed","ping_status":"closed","template":"","meta":[],"_links":{"self":[{"href":"http:\/\/cms.fuw.edu.pl\/index.php?rest_route=\/wp\/v2\/pages\/1016"}],"collection":[{"href":"http:\/\/cms.fuw.edu.pl\/index.php?rest_route=\/wp\/v2\/pages"}],"about":[{"href":"http:\/\/cms.fuw.edu.pl\/index.php?rest_route=\/wp\/v2\/types\/page"}],"author":[{"embeddable":true,"href":"http:\/\/cms.fuw.edu.pl\/index.php?rest_route=\/wp\/v2\/users\/2"}],"replies":[{"embeddable":true,"href":"http:\/\/cms.fuw.edu.pl\/index.php?rest_route=%2Fwp%2Fv2%2Fcomments&post=1016"}],"version-history":[{"count":12,"href":"http:\/\/cms.fuw.edu.pl\/index.php?rest_route=\/wp\/v2\/pages\/1016\/revisions"}],"predecessor-version":[{"id":1283,"href":"http:\/\/cms.fuw.edu.pl\/index.php?rest_route=\/wp\/v2\/pages\/1016\/revisions\/1283"}],"up":[{"embeddable":true,"href":"http:\/\/cms.fuw.edu.pl\/index.php?rest_route=\/wp\/v2\/pages\/1284"}],"wp:featuredmedia":[{"embeddable":true,"href":"http:\/\/cms.fuw.edu.pl\/index.php?rest_route=\/wp\/v2\/media\/671"}],"wp:attachment":[{"href":"http:\/\/cms.fuw.edu.pl\/index.php?rest_route=%2Fwp%2Fv2%2Fmedia&parent=1016"}],"curies":[{"name":"wp","href":"https:\/\/api.w.org\/{rel}","templated":true}]}}