{"id":1366,"date":"2021-01-13T11:38:48","date_gmt":"2021-01-13T11:38:48","guid":{"rendered":"http:\/\/cms.fuw.edu.pl\/?page_id=1366"},"modified":"2024-01-09T10:02:06","modified_gmt":"2024-01-09T10:02:06","slug":"byli-czlonkowie-grupy","status":"publish","type":"page","link":"http:\/\/cms.fuw.edu.pl\/?page_id=1366","title":{"rendered":"Byli cz\u0142onkowie grupy"},"content":{"rendered":"<p><strong>Byli cz\u0142onkowie grupy<\/strong><\/p>\n<p>(UW oznacza Wydzia\u0142 Fizyki Uniwersytetu Warszawskiego, NCBJ oznacza Narodowe Centrum Bada\u0144 J\u0105drowych, PW oznacza Politechnik\u0119 Warszawsk\u0105)<\/p>\n<h2><span style=\"color: #000080;\">Fizycy:<\/span><\/h2>\n<table border=\"1\" width=\"100%\" cellspacing=\"0\" cellpadding=\"4\">\n<colgroup>\n<col width=\"183*\">\n<col width=\"73*\"><\/colgroup>\n<tbody>\n<tr valign=\"TOP\">\n<td width=\"71%\">Grzegorz Brona<\/td>\n<td width=\"29%\">UW<\/td>\n<\/tr>\n<tr valign=\"TOP\">\n<td width=\"71%\">Miko\u0142aj \u0106wiok<\/td>\n<td width=\"29%\">UW<\/td>\n<\/tr>\n<tr valign=\"TOP\">\n<td width=\"71%\">Wojciech Dominik<\/td>\n<td width=\"29%\">UW<\/td>\n<\/tr>\n<tr valign=\"TOP\">\n<td width=\"71%\">Tomasz Frueboes<\/td>\n<td width=\"29%\">NCBJ<\/td>\n<\/tr>\n<tr valign=\"TOP\">\n<td width=\"71%\">Piotr Traczyk<\/td>\n<td width=\"29%\">NCBJ<\/td>\n<\/tr>\n<tr valign=\"TOP\">\n<td width=\"71%\">Grzegorz Wrochna<\/td>\n<td width=\"29%\">NCBJ<\/td>\n<\/tr>\n<tr valign=\"TOP\">\n<td width=\"71%\">Bo\u017cena Boimska<\/td>\n<td width=\"29%\">NCBJ<\/td>\n<\/tr>\n<\/tbody>\n<\/table>\n<h2><span style=\"color: #000080;\"> In\u017cynierowie i technicy:<\/span><\/h2>\n<table border=\"1\" width=\"100%\" cellspacing=\"0\" cellpadding=\"4\">\n<colgroup>\n<col width=\"183*\">\n<col width=\"73*\"><\/colgroup>\n<tbody>\n<tr valign=\"TOP\">\n<td width=\"71%\">Henryk Czyrkowski<\/td>\n<td width=\"29%\">UW<\/td>\n<\/tr>\n<tr valign=\"TOP\">\n<td width=\"71%\">Ryszard D\u0105browski<\/td>\n<td width=\"29%\">UW<\/td>\n<\/tr>\n<tr valign=\"TOP\">\n<td width=\"71%\">Maciej Ignacy Kud\u0142a<\/td>\n<td width=\"29%\">UW<\/td>\n<\/tr>\n<tr valign=\"TOP\">\n<td width=\"71%\">Micha\u0142 Pietrusi\u0144ski<\/td>\n<td width=\"29%\">UW<\/td>\n<\/tr>\n<tr valign=\"TOP\">\n<td width=\"71%\">Zbigniew Sa\u0142apa<\/td>\n<td width=\"29%\">UW<\/td>\n<\/tr>\n<\/tbody>\n<\/table>\n<h2>&nbsp;<\/h2>\n<h2><span style=\"color: #000080;\">Doktoranci:<\/span><\/h2>\n<table border=\"1\" width=\"584\" rules=\"COLS\" cellspacing=\"0\" cellpadding=\"4\">\n<colgroup>\n<col width=\"183*\">\n<col width=\"73*\"><\/colgroup>\n<tbody>\n<tr valign=\"TOP\">\n<td width=\"71%\">\u0141ukasz Go\u015bci\u0142o<\/td>\n<td width=\"29%\">NCBJ<\/td>\n<\/tr>\n<tr valign=\"TOP\">\n<td width=\"71%\">Micha\u0142 Olszewski<\/td>\n<td width=\"29%\">UW<\/td>\n<\/tr>\n<tr valign=\"TOP\">\n<td width=\"71%\">Pawe\u0142 Zych<\/td>\n<td width=\"29%\">UW<\/td>\n<\/tr>\n<\/tbody>\n<\/table>\n<p>&nbsp;<\/p>\n","protected":false},"excerpt":{"rendered":"<p>Byli cz\u0142onkowie grupy (UW oznacza Wydzia\u0142 Fizyki Uniwersytetu Warszawskiego, NCBJ oznacza Narodowe Centrum Bada\u0144 J\u0105drowych, PW oznacza Politechnik\u0119 Warszawsk\u0105) Fizycy: Grzegorz Brona UW Miko\u0142aj \u0106wiok UW Wojciech Dominik UW Tomasz Frueboes NCBJ Piotr Traczyk NCBJ Grzegorz Wrochna NCBJ Bo\u017cena Boimska &hellip; <a href=\"http:\/\/cms.fuw.edu.pl\/?page_id=1366\">Continue reading <span class=\"meta-nav\">&rarr;<\/span><\/a><\/p>\n","protected":false},"author":9,"featured_media":379,"parent":334,"menu_order":2,"comment_status":"closed","ping_status":"closed","template":"","meta":[],"_links":{"self":[{"href":"http:\/\/cms.fuw.edu.pl\/index.php?rest_route=\/wp\/v2\/pages\/1366"}],"collection":[{"href":"http:\/\/cms.fuw.edu.pl\/index.php?rest_route=\/wp\/v2\/pages"}],"about":[{"href":"http:\/\/cms.fuw.edu.pl\/index.php?rest_route=\/wp\/v2\/types\/page"}],"author":[{"embeddable":true,"href":"http:\/\/cms.fuw.edu.pl\/index.php?rest_route=\/wp\/v2\/users\/9"}],"replies":[{"embeddable":true,"href":"http:\/\/cms.fuw.edu.pl\/index.php?rest_route=%2Fwp%2Fv2%2Fcomments&post=1366"}],"version-history":[{"count":6,"href":"http:\/\/cms.fuw.edu.pl\/index.php?rest_route=\/wp\/v2\/pages\/1366\/revisions"}],"predecessor-version":[{"id":1665,"href":"http:\/\/cms.fuw.edu.pl\/index.php?rest_route=\/wp\/v2\/pages\/1366\/revisions\/1665"}],"up":[{"embeddable":true,"href":"http:\/\/cms.fuw.edu.pl\/index.php?rest_route=\/wp\/v2\/pages\/334"}],"wp:featuredmedia":[{"embeddable":true,"href":"http:\/\/cms.fuw.edu.pl\/index.php?rest_route=\/wp\/v2\/media\/379"}],"wp:attachment":[{"href":"http:\/\/cms.fuw.edu.pl\/index.php?rest_route=%2Fwp%2Fv2%2Fmedia&parent=1366"}],"curies":[{"name":"wp","href":"https:\/\/api.w.org\/{rel}","templated":true}]}}