{"id":6,"date":"2012-06-21T08:44:58","date_gmt":"2012-06-21T08:44:58","guid":{"rendered":"http:\/\/localhost\/CMS-LHC\/?page_id=6"},"modified":"2021-01-13T20:43:38","modified_gmt":"2021-01-13T20:43:38","slug":"eksperyment-cms","status":"publish","type":"page","link":"http:\/\/cms.fuw.edu.pl\/?page_id=6","title":{"rendered":"Eksperyment CMS"},"content":{"rendered":"<p>&nbsp;<\/p>\n<p><a href=\"http:\/\/cms.web.cern.ch\/\" target=\"_blank\"><img loading=\"lazy\" class=\"alignleft wp-image-303\" title=\"CMS_logo_col\" src=\"http:\/\/cms.fuw.edu.pl\/wp-content\/uploads\/2012\/06\/CMS_logo_col-300x300.gif\" alt=\"\" width=\"126\" height=\"126\" srcset=\"http:\/\/cms.fuw.edu.pl\/wp-content\/uploads\/2012\/06\/CMS_logo_col-300x300.gif 300w, http:\/\/cms.fuw.edu.pl\/wp-content\/uploads\/2012\/06\/CMS_logo_col-150x150.gif 150w, http:\/\/cms.fuw.edu.pl\/wp-content\/uploads\/2012\/06\/CMS_logo_col.gif 395w\" sizes=\"(max-width: 126px) 100vw, 126px\" \/><\/a><\/p>\n<p><a href=\"https:\/\/cms.cern\/detector\">Detektor CMS<\/a> (ang. Compact Muon Solenoid) jest jednym z czterech wielkich detektor\u00f3w cz\u0105stek przy LHC. To tutaj patrzymy, co powstaje w zderzeniach proton\u00f3w. CMS jest detektorem &#8220;og\u00f3lnego przeznaczenia&#8221; &#8211; zaprojektowano go z my\u015bl\u0105 o identyfikacji wszystkich rodzaj\u00f3w cz\u0105stek i mo\u017cliwo\u015bci obserwacji jak najszerszego zakresu zjawisk fizycznych. Jest &#8220;Compact&#8221;, poniewa\u017c ma &#8220;zaledwie&#8221; 21 metr\u00f3w d\u0142ugo\u015bci i 15 metr\u00f3w wysoko\u015bci, a &#8220;Solenoidalny&#8221;, poniewa\u017c jego sercem jest wielki solenoidalny magnes wytwarzaj\u0105cy jednorodne pole magnetyczne.<\/p>\n<p><a href=\"http:\/\/cms.fuw.edu.pl\/wp-content\/uploads\/2012\/06\/CMSnc_1.jpg\"><img loading=\"lazy\" class=\"aligncenter size-full wp-image-275\" title=\"CMSnc_1\" src=\"http:\/\/cms.fuw.edu.pl\/wp-content\/uploads\/2012\/06\/CMSnc_1.jpg\" alt=\"\" width=\"864\" height=\"576\" srcset=\"http:\/\/cms.fuw.edu.pl\/wp-content\/uploads\/2012\/06\/CMSnc_1.jpg 864w, http:\/\/cms.fuw.edu.pl\/wp-content\/uploads\/2012\/06\/CMSnc_1-300x200.jpg 300w, http:\/\/cms.fuw.edu.pl\/wp-content\/uploads\/2012\/06\/CMSnc_1-450x300.jpg 450w\" sizes=\"(max-width: 864px) 100vw, 864px\" \/><\/a><\/p>\n<p>CMS ma geometri\u0119 le\u017c\u0105cej beczki z pokrywami i wype\u0142nia ca\u0142\u0105 przestrze\u0144 wok\u00f3\u0142 punktu zderzenia, opr\u00f3cz obszaru kilku centymetr\u00f3w wok\u00f3\u0142 wi\u0105zki. Detektor ma struktur\u0119 cebuli (albo rosyjskiej Matrioszki), w kt\u00f3rej ka\u017cda warstwa zbudowana jest z innego rodzaju poddetektor\u00f3w. Analizuj\u0105c odpowiedzi ka\u017cdej warstwy na przechodz\u0105c\u0105 cz\u0105stk\u0119, zale\u017c\u0105ce od sposobu w jaki dana cz\u0105stka oddzia\u0142uje z materia\u0142em detektora oraz z polem magnetycznym, mo\u017cna tak\u0105 cz\u0105stk\u0119 zidentyfikowa\u0107 i okre\u015bli\u0107 jej energi\u0119\/p\u0119d. Id\u0105c od punktu zderzenia na zewn\u0105trz, s\u0105 to:<\/p>\n<p>&#8211; <strong>Krzemowy detektor mozaikowy<\/strong> sk\u0142adaj\u0105cy si\u0119 z ok. 66 milion\u00f3w oddzielnie odczytywanych pikseli i w kt\u00f3rym do detekcji wykorzystuje si\u0119 zjawisko jonizacji p\u00f3\u0142przewodnika przez przechodz\u0105ce przez niego cz\u0105stki na\u0142adowane elektrycznie,<\/p>\n<p>&#8211;<strong> Krzemowy detektor paskowy<\/strong> (na rys. oznaczony jako \u015bladowy) dzia\u0142aj\u0105cy na podobnej zasadzie co detektor mozaikowy, ale ze wzgl\u0119d\u00f3w ekonomicznych pouk\u0142adany w ok. 10 milion\u00f3w pask\u00f3w p\u00f3\u0142przewodnikowych. Detektory krzemowe (zwane \u0142\u0105cznie detektorem \u015bladowym) s\u0142u\u017c\u0105 do precyzyjnego wyznaczania trajektorii lotu cz\u0105stek na\u0142adowanych (tor\u00f3w) i wyznaczania pozycji zderzenia (wierzcho\u0142ka),<\/p>\n<p>&#8211; <strong>Kalorymetr elektromagnetyczny<\/strong> z\u0142o\u017cony z 68000 kryszta\u0142\u00f3w wolframianu o\u0142owiu (PbWO4), wykorzystuj\u0105cy zjawisko kaskadowania elektromagnetycznego do pomiaru energii elektron\u00f3w i foton\u00f3w,<\/p>\n<p>&#8211; <strong>Kalorymetr hadronowy<\/strong> mosi\u0119\u017cno-plastikowy kalorymetr z 5000 kana\u0142ami odczytu, przeznaczony do detekcji cz\u0105stek oddzia\u0142uj\u0105cych silnie (hadron\u00f3w) i mierz\u0105cy ich energie technik\u0105 pr\u00f3bkowania, gdzie cz\u0105stki trac\u0105 energi\u0119 tworz\u0105c kaskady w kolejnych warstwach mosi\u0105dzu, kt\u00f3rych sygna\u0142 jest mierzony w plastikowych scyntylatorach,<\/p>\n<p>&#8211; <strong>Nadprzewodz\u0105cy magnes<\/strong> pokrywaj\u0105cy ca\u0142y obszar beczki i wytwarzaj\u0105cy w swoim wn\u0119trzu pole magnetyczne o indukcji 3.8 T\u00a0a w obszarze zewn\u0119trznego jarzma magnesu ok. 2 T &#8211; pracuje on w temperaturze 4.5 K, ma kszta\u0142t walca o d\u0142ugo\u015bci 13 metr\u00f3w i \u015brednicy 6 metr\u00f3w i jest najwi\u0119kszym tego typu urz\u0105dzeniem na \u015bwiecie,<\/p>\n<p>&#8211; <strong>Zewn\u0119trzny kalorymetr hadronowy<\/strong>, b\u0119d\u0105cy dodatkow\u0105 warstw\u0105 kalorymetru s\u0142u\u017c\u0105c\u0105 do wy\u0142apywania wysokoenergetycznych hadron\u00f3w, kt\u00f3re przedosta\u0142y si\u0119 przez ca\u0142y g\u0142\u00f3wny kalorymetr hadronowy.<\/p>\n<p>&#8211; <strong>Detektory mionowe<\/strong>, z\u0142o\u017cone z czterech warstw detektor\u00f3w gazowych dzia\u0142aj\u0105cych na zasadzie jonizacji o\u015brodka gazowego przez przechodz\u0105c\u0105 cz\u0105stk\u0119 na\u0142adowan\u0105, oraz podzielone na trzy oddzielne systemy: komory dryfowe, katodowe komory paskowe oraz komory RPC &#8211; identyfikuj\u0105 one miony, poniewa\u017c ka\u017cdy inny rodzaj cz\u0105stek (opr\u00f3cz nieobserwowalnych bezpo\u015brednio neutrin) ugrz\u0119\u017anie w kt\u00f3rej\u015b z warstw poprzednich.<\/p>\n<p>Ponadto, na zewn\u0105trz obydwu pokryw, w obszarze najbli\u017cszym wi\u0105zce, umieszczone s\u0105 stalowo-kwarcowe kalorymetry &#8220;do przodu&#8221; mierz\u0105ce energie hadron\u00f3w, elektron\u00f3w i foton\u00f3w lec\u0105cych pod ma\u0142ymi k\u0105tami od osi wi\u0105zki. Ich specjalny projekt dostosowany jest do konieczno\u015bci funkcjonowania w warunkach wysokiego promieniowania.<\/p>\n<div id=\"attachment_220\" style=\"width: 594px\" class=\"wp-caption aligncenter\"><a href=\"http:\/\/cms.fuw.edu.pl\/wp-content\/uploads\/2012\/06\/CMS_Slice1.swf\"><img aria-describedby=\"caption-attachment-220\" loading=\"lazy\" class=\" wp-image-220 \" title=\"CMS_Slice_muon\" src=\"http:\/\/cms.fuw.edu.pl\/wp-content\/uploads\/2012\/06\/CMS_Slice_particles1.png\" alt=\"\" width=\"584\" height=\"365\" \/><\/a><p id=\"caption-attachment-220\" class=\"wp-caption-text\">Animacja (kliknij by uruchomi\u0107) pokazuje, jak ka\u017cdy rodzaj cz\u0105stek: elektrony, fotony, hadrony na\u0142adowane, hadrony neutralne, oraz miony, wygl\u0105da w detektorze CMS i w kt\u00f3rych poddetektorach pozostawia sygna\u0142y.<\/p><\/div>\n<p>Przy eksperymencie CMS wsp\u00f3\u0142pracuje ponad 3000 fizyk\u00f3w reprezentuj\u0105cych 190 instytucji naukowych i 41 kraj\u00f3w, w tym grupa fizyk\u00f3w z Warszawy.<\/p>\n","protected":false},"excerpt":{"rendered":"<p>&nbsp; Detektor CMS (ang. Compact Muon Solenoid) jest jednym z czterech wielkich detektor\u00f3w cz\u0105stek przy LHC. To tutaj patrzymy, co powstaje w zderzeniach proton\u00f3w. CMS jest detektorem &#8220;og\u00f3lnego przeznaczenia&#8221; &#8211; zaprojektowano go z my\u015bl\u0105 o identyfikacji wszystkich rodzaj\u00f3w cz\u0105stek i &hellip; <a href=\"http:\/\/cms.fuw.edu.pl\/?page_id=6\">Continue reading <span class=\"meta-nav\">&rarr;<\/span><\/a><\/p>\n","protected":false},"author":2,"featured_media":815,"parent":0,"menu_order":2,"comment_status":"closed","ping_status":"closed","template":"","meta":[],"_links":{"self":[{"href":"http:\/\/cms.fuw.edu.pl\/index.php?rest_route=\/wp\/v2\/pages\/6"}],"collection":[{"href":"http:\/\/cms.fuw.edu.pl\/index.php?rest_route=\/wp\/v2\/pages"}],"about":[{"href":"http:\/\/cms.fuw.edu.pl\/index.php?rest_route=\/wp\/v2\/types\/page"}],"author":[{"embeddable":true,"href":"http:\/\/cms.fuw.edu.pl\/index.php?rest_route=\/wp\/v2\/users\/2"}],"replies":[{"embeddable":true,"href":"http:\/\/cms.fuw.edu.pl\/index.php?rest_route=%2Fwp%2Fv2%2Fcomments&post=6"}],"version-history":[{"count":31,"href":"http:\/\/cms.fuw.edu.pl\/index.php?rest_route=\/wp\/v2\/pages\/6\/revisions"}],"predecessor-version":[{"id":1383,"href":"http:\/\/cms.fuw.edu.pl\/index.php?rest_route=\/wp\/v2\/pages\/6\/revisions\/1383"}],"wp:featuredmedia":[{"embeddable":true,"href":"http:\/\/cms.fuw.edu.pl\/index.php?rest_route=\/wp\/v2\/media\/815"}],"wp:attachment":[{"href":"http:\/\/cms.fuw.edu.pl\/index.php?rest_route=%2Fwp%2Fv2%2Fmedia&parent=6"}],"curies":[{"name":"wp","href":"https:\/\/api.w.org\/{rel}","templated":true}]}}