{"id":673,"date":"2012-07-25T09:05:38","date_gmt":"2012-07-25T09:05:38","guid":{"rendered":"http:\/\/cms.fuw.edu.pl\/?page_id=673"},"modified":"2021-01-18T22:19:18","modified_gmt":"2021-01-18T22:19:18","slug":"plakaty","status":"publish","type":"page","link":"http:\/\/cms.fuw.edu.pl\/?page_id=673","title":{"rendered":"Plakaty"},"content":{"rendered":"<p>Poni\u017cej prezentujemy galeri\u0119 plakat\u00f3w przygotowanych z okazji r\u00f3\u017cnych konferencji i warsztat\u00f3w prezentuj\u0105cych nasz\u0105 dzia\u0142alno\u015b\u0107.<\/p>\n<ul>\n<li><strong>2018<\/strong><\/li>\n<li>\n<table border=\"1\" width=\"100%\" cellspacing=\"0\" cellpadding=\"4\">\n<colgroup>\n<col width=\"183*\" \/>\n<col width=\"73*\" \/><\/colgroup>\n<tbody>\n<tr valign=\"TOP\">\n<td width=\"50%\"><a href=\"http:\/\/cms.fuw.edu.pl\/wp-content\/uploads\/2021\/01\/180530_OMTF_Elba_poster-1-1-212x300.jpg\"><img loading=\"lazy\" class=\"alignnone size-medium wp-image-695\" title=\"OMTF_Elba_poster\" src=\"http:\/\/cms.fuw.edu.pl\/wp-content\/uploads\/2021\/01\/180530_OMTF_Elba_poster-1-1-212x300.jpg\" alt=\"\" width=\"212\" height=\"300\" \/><\/a><\/td>\n<td width=\"50%\">\u00a0<a href=\"http:\/\/cms.fuw.edu.pl\/wp-content\/uploads\/2021\/01\/ichep-1.png\"><img loading=\"lazy\" class=\"alignnone size-medium wp-image-1637\" src=\"http:\/\/cms.fuw.edu.pl\/wp-content\/uploads\/2021\/01\/ichep-1-212x300.png\" alt=\"ichep-2018\" width=\"212\" height=\"300\" srcset=\"http:\/\/cms.fuw.edu.pl\/wp-content\/uploads\/2021\/01\/ichep-1-212x300.png 212w, http:\/\/cms.fuw.edu.pl\/wp-content\/uploads\/2021\/01\/ichep-1-768x1086.png 768w, http:\/\/cms.fuw.edu.pl\/wp-content\/uploads\/2021\/01\/ichep-1-724x1024.png 724w\" sizes=\"(max-width: 212px) 100vw, 212px\" \/><\/a><\/td>\n<\/tr>\n<\/tbody>\n<\/table>\n<\/li>\n<li><strong>2015<\/strong><\/li>\n<li>\n<table border=\"1\" width=\"100%\" cellspacing=\"0\" cellpadding=\"4\">\n<colgroup>\n<col width=\"183*\" \/>\n<col width=\"73*\" \/><\/colgroup>\n<tbody>\n<tr valign=\"TOP\">\n<td width=\"50%\"><a href=\"http:\/\/cms.fuw.edu.pl\/wp-content\/uploads\/2021\/01\/poster_Higgs2015.jpg\"><img loading=\"lazy\" class=\"alignnone size-medium wp-image-695\" title=\"poster_Higgs2015\" src=\"http:\/\/cms.fuw.edu.pl\/wp-content\/uploads\/2021\/01\/poster_Higgs2015.jpg\" alt=\"\" width=\"212\" height=\"300\" \/><\/a><\/td>\n<td width=\"50%\"><\/td>\n<\/tr>\n<\/tbody>\n<\/table>\n<\/li>\n<li><strong>2012<\/strong><\/li>\n<li>\n<table border=\"1\" width=\"100%\" cellspacing=\"0\" cellpadding=\"4\">\n<colgroup>\n<col width=\"183*\" \/>\n<col width=\"73*\" \/><\/colgroup>\n<tbody>\n<tr valign=\"TOP\">\n<td width=\"50%\">\u00a0<a href=\"http:\/\/cms.fuw.edu.pl\/wp-content\/uploads\/2012\/07\/Poster_KRR_2012.png\"><img loading=\"lazy\" class=\"alignnone size-medium wp-image-695\" title=\"Poster_KRR_2012\" src=\"http:\/\/cms.fuw.edu.pl\/wp-content\/uploads\/2012\/07\/Poster_KRR_2012-212x300.png\" alt=\"\" width=\"212\" height=\"300\" srcset=\"http:\/\/cms.fuw.edu.pl\/wp-content\/uploads\/2012\/07\/Poster_KRR_2012-212x300.png 212w, http:\/\/cms.fuw.edu.pl\/wp-content\/uploads\/2012\/07\/Poster_KRR_2012.png 654w\" sizes=\"(max-width: 212px) 100vw, 212px\" \/><\/a><\/td>\n<td width=\"50%\"><\/td>\n<\/tr>\n<\/tbody>\n<\/table>\n<\/li>\n<li><strong>2009<\/strong><br \/>\n<table border=\"1\" width=\"100%\" cellspacing=\"0\" cellpadding=\"4\">\n<colgroup>\n<col width=\"183*\" \/>\n<col width=\"73*\" \/><\/colgroup>\n<tbody>\n<tr valign=\"TOP\">\n<td width=\"50%\">\u00a0<a href=\"http:\/\/cms.fuw.edu.pl\/wp-content\/uploads\/2012\/07\/HSCP_poster_2009.jpg\"><img loading=\"lazy\" class=\"alignnone size-medium wp-image-713\" title=\"HSCP_poster_2009\" src=\"http:\/\/cms.fuw.edu.pl\/wp-content\/uploads\/2012\/07\/HSCP_poster_2009-225x300.jpg\" alt=\"\" width=\"225\" height=\"300\" srcset=\"http:\/\/cms.fuw.edu.pl\/wp-content\/uploads\/2012\/07\/HSCP_poster_2009-225x300.jpg 225w, http:\/\/cms.fuw.edu.pl\/wp-content\/uploads\/2012\/07\/HSCP_poster_2009-768x1024.jpg 768w, http:\/\/cms.fuw.edu.pl\/wp-content\/uploads\/2012\/07\/HSCP_poster_2009.jpg 1500w\" sizes=\"(max-width: 225px) 100vw, 225px\" \/><\/a><\/td>\n<td width=\"50%\"><\/td>\n<\/tr>\n<\/tbody>\n<\/table>\n<\/li>\n<li><strong>2006<\/strong><br \/>\n<table border=\"1\" width=\"100%\" cellspacing=\"0\" cellpadding=\"4\">\n<colgroup>\n<col width=\"183*\" \/>\n<col width=\"73*\" \/><\/colgroup>\n<tbody>\n<tr valign=\"TOP\">\n<td width=\"50%\">\u00a0<a href=\"http:\/\/cms.fuw.edu.pl\/wp-content\/uploads\/2012\/07\/poster4.jpg\"><img loading=\"lazy\" class=\"alignnone size-medium wp-image-693\" title=\"poster\" src=\"http:\/\/cms.fuw.edu.pl\/wp-content\/uploads\/2012\/07\/poster4-240x300.jpg\" alt=\"\" width=\"240\" height=\"300\" srcset=\"http:\/\/cms.fuw.edu.pl\/wp-content\/uploads\/2012\/07\/poster4-240x300.jpg 240w, http:\/\/cms.fuw.edu.pl\/wp-content\/uploads\/2012\/07\/poster4.jpg 616w\" sizes=\"(max-width: 240px) 100vw, 240px\" \/><\/a><\/td>\n<td width=\"50%\"><\/td>\n<\/tr>\n<\/tbody>\n<\/table>\n<\/li>\n<li><strong>2004<\/strong><br \/>\n<table border=\"1\" width=\"100%\" cellspacing=\"0\" cellpadding=\"4\">\n<colgroup>\n<col width=\"183*\" \/>\n<col width=\"73*\" \/><\/colgroup>\n<tbody>\n<tr valign=\"TOP\">\n<td width=\"50%\">\u00a0<a href=\"http:\/\/cms.fuw.edu.pl\/wp-content\/uploads\/2012\/07\/poster.jpg\"><img loading=\"lazy\" class=\"alignnone size-medium wp-image-683\" title=\"poster\" src=\"http:\/\/cms.fuw.edu.pl\/wp-content\/uploads\/2012\/07\/poster-217x300.jpg\" alt=\"\" width=\"217\" height=\"300\" srcset=\"http:\/\/cms.fuw.edu.pl\/wp-content\/uploads\/2012\/07\/poster-217x300.jpg 217w, http:\/\/cms.fuw.edu.pl\/wp-content\/uploads\/2012\/07\/poster.jpg 616w\" sizes=\"(max-width: 217px) 100vw, 217px\" \/><\/a><a href=\"http:\/\/cms.fuw.edu.pl\/wp-content\/uploads\/2012\/07\/poster2.jpg\"><img loading=\"lazy\" class=\"alignnone size-medium wp-image-685\" title=\"poster\" src=\"http:\/\/cms.fuw.edu.pl\/wp-content\/uploads\/2012\/07\/poster2-249x300.jpg\" alt=\"\" width=\"249\" height=\"300\" srcset=\"http:\/\/cms.fuw.edu.pl\/wp-content\/uploads\/2012\/07\/poster2-249x300.jpg 249w, http:\/\/cms.fuw.edu.pl\/wp-content\/uploads\/2012\/07\/poster2.jpg 445w\" sizes=\"(max-width: 249px) 100vw, 249px\" \/><\/a><\/td>\n<td width=\"50%\"><a href=\"http:\/\/cms.fuw.edu.pl\/wp-content\/uploads\/2012\/07\/poster1.jpg\"><img loading=\"lazy\" class=\"alignnone size-medium wp-image-684\" title=\"poster\" src=\"http:\/\/cms.fuw.edu.pl\/wp-content\/uploads\/2012\/07\/poster1-250x300.jpg\" alt=\"\" width=\"250\" height=\"300\" srcset=\"http:\/\/cms.fuw.edu.pl\/wp-content\/uploads\/2012\/07\/poster1-250x300.jpg 250w, http:\/\/cms.fuw.edu.pl\/wp-content\/uploads\/2012\/07\/poster1.jpg 578w\" sizes=\"(max-width: 250px) 100vw, 250px\" \/><\/a><a href=\"http:\/\/cms.fuw.edu.pl\/wp-content\/uploads\/2012\/07\/poster3.jpg\"><img loading=\"lazy\" class=\"alignnone size-medium wp-image-686\" title=\"poster\" src=\"http:\/\/cms.fuw.edu.pl\/wp-content\/uploads\/2012\/07\/poster3-219x300.jpg\" alt=\"\" width=\"219\" height=\"300\" srcset=\"http:\/\/cms.fuw.edu.pl\/wp-content\/uploads\/2012\/07\/poster3-219x300.jpg 219w, http:\/\/cms.fuw.edu.pl\/wp-content\/uploads\/2012\/07\/poster3.jpg 499w\" sizes=\"(max-width: 219px) 100vw, 219px\" \/><\/a><\/td>\n<\/tr>\n<\/tbody>\n<\/table>\n<\/li>\n<li><strong>2003<\/strong><br \/>\n<table border=\"1\" width=\"100%\" cellspacing=\"0\" cellpadding=\"4\">\n<colgroup>\n<col width=\"183*\" \/>\n<col width=\"73*\" \/><\/colgroup>\n<tbody>\n<tr valign=\"TOP\">\n<td width=\"50%\">\u00a0<a href=\"http:\/\/cms.fuw.edu.pl\/wp-content\/uploads\/2012\/07\/Poster_GW_2003_2.png\"><img loading=\"lazy\" class=\"alignnone size-medium wp-image-676\" title=\"Poster_GW_2003_2\" src=\"http:\/\/cms.fuw.edu.pl\/wp-content\/uploads\/2012\/07\/Poster_GW_2003_2-212x300.png\" alt=\"\" width=\"212\" height=\"300\" srcset=\"http:\/\/cms.fuw.edu.pl\/wp-content\/uploads\/2012\/07\/Poster_GW_2003_2-212x300.png 212w, http:\/\/cms.fuw.edu.pl\/wp-content\/uploads\/2012\/07\/Poster_GW_2003_2.png 617w\" sizes=\"(max-width: 212px) 100vw, 212px\" \/><\/a><a href=\"http:\/\/cms.fuw.edu.pl\/wp-content\/uploads\/2012\/07\/Poster_GW_2003_4.png\"><img loading=\"lazy\" class=\"alignnone size-medium wp-image-680\" title=\"Poster_GW_2003_4\" src=\"http:\/\/cms.fuw.edu.pl\/wp-content\/uploads\/2012\/07\/Poster_GW_2003_4-212x300.png\" alt=\"\" width=\"212\" height=\"300\" srcset=\"http:\/\/cms.fuw.edu.pl\/wp-content\/uploads\/2012\/07\/Poster_GW_2003_4-212x300.png 212w, http:\/\/cms.fuw.edu.pl\/wp-content\/uploads\/2012\/07\/Poster_GW_2003_4.png 614w\" sizes=\"(max-width: 212px) 100vw, 212px\" \/><\/a><\/td>\n<td width=\"50%\">\u00a0<a href=\"http:\/\/cms.fuw.edu.pl\/wp-content\/uploads\/2012\/07\/Poster_GW_2003_3.png\"><img loading=\"lazy\" class=\"alignnone size-medium wp-image-677\" title=\"Poster_GW_2003_3\" src=\"http:\/\/cms.fuw.edu.pl\/wp-content\/uploads\/2012\/07\/Poster_GW_2003_3-211x300.png\" alt=\"\" width=\"211\" height=\"300\" srcset=\"http:\/\/cms.fuw.edu.pl\/wp-content\/uploads\/2012\/07\/Poster_GW_2003_3-211x300.png 211w, http:\/\/cms.fuw.edu.pl\/wp-content\/uploads\/2012\/07\/Poster_GW_2003_3.png 614w\" sizes=\"(max-width: 211px) 100vw, 211px\" \/><\/a><a href=\"http:\/\/cms.fuw.edu.pl\/wp-content\/uploads\/2012\/07\/Poster_GW_2003_5.png\"><img loading=\"lazy\" class=\"alignnone size-medium wp-image-681\" title=\"Poster_GW_2003_5\" src=\"http:\/\/cms.fuw.edu.pl\/wp-content\/uploads\/2012\/07\/Poster_GW_2003_5-209x300.png\" alt=\"\" width=\"209\" height=\"300\" srcset=\"http:\/\/cms.fuw.edu.pl\/wp-content\/uploads\/2012\/07\/Poster_GW_2003_5-209x300.png 209w, http:\/\/cms.fuw.edu.pl\/wp-content\/uploads\/2012\/07\/Poster_GW_2003_5.png 607w\" sizes=\"(max-width: 209px) 100vw, 209px\" \/><\/a><\/td>\n<\/tr>\n<\/tbody>\n<\/table>\n<\/li>\n<\/ul>\n","protected":false},"excerpt":{"rendered":"<p>Poni\u017cej prezentujemy galeri\u0119 plakat\u00f3w przygotowanych z okazji r\u00f3\u017cnych konferencji i warsztat\u00f3w prezentuj\u0105cych nasz\u0105 dzia\u0142alno\u015b\u0107. 2018 \u00a0 2015 2012 \u00a0 2009 \u00a0 2006 \u00a0 2004 \u00a0 2003 \u00a0 \u00a0<\/p>\n","protected":false},"author":2,"featured_media":57,"parent":624,"menu_order":2,"comment_status":"closed","ping_status":"closed","template":"","meta":[],"_links":{"self":[{"href":"http:\/\/cms.fuw.edu.pl\/index.php?rest_route=\/wp\/v2\/pages\/673"}],"collection":[{"href":"http:\/\/cms.fuw.edu.pl\/index.php?rest_route=\/wp\/v2\/pages"}],"about":[{"href":"http:\/\/cms.fuw.edu.pl\/index.php?rest_route=\/wp\/v2\/types\/page"}],"author":[{"embeddable":true,"href":"http:\/\/cms.fuw.edu.pl\/index.php?rest_route=\/wp\/v2\/users\/2"}],"replies":[{"embeddable":true,"href":"http:\/\/cms.fuw.edu.pl\/index.php?rest_route=%2Fwp%2Fv2%2Fcomments&post=673"}],"version-history":[{"count":31,"href":"http:\/\/cms.fuw.edu.pl\/index.php?rest_route=\/wp\/v2\/pages\/673\/revisions"}],"predecessor-version":[{"id":1646,"href":"http:\/\/cms.fuw.edu.pl\/index.php?rest_route=\/wp\/v2\/pages\/673\/revisions\/1646"}],"up":[{"embeddable":true,"href":"http:\/\/cms.fuw.edu.pl\/index.php?rest_route=\/wp\/v2\/pages\/624"}],"wp:featuredmedia":[{"embeddable":true,"href":"http:\/\/cms.fuw.edu.pl\/index.php?rest_route=\/wp\/v2\/media\/57"}],"wp:attachment":[{"href":"http:\/\/cms.fuw.edu.pl\/index.php?rest_route=%2Fwp%2Fv2%2Fmedia&parent=673"}],"curies":[{"name":"wp","href":"https:\/\/api.w.org\/{rel}","templated":true}]}}